45595 prime?
False
Is 1496171063 a composite number?
False
Is 31442357201 prime?
False
Is 1396481729 a composite number?
True
Is 236872891 prime?
False
Is 3821919463 prime?
True
Is 285707489 composite?
False
Is 9470955797 composite?
False
Is 60599977759 prime?
True
Is 30578285579 prime?
False
Is 2928325879 composite?
False
Is 1505999047 a composite number?
True
Is 152159825551 composite?
False
Is 451137383 composite?
True
Is 4615565113 prime?
True
Is 947093123 a composite number?
True
Is 18501164065 composite?
True
Is 134786930737 a composite number?
False
Is 3976254263 a composite number?
False
Is 4300455527 composite?
False
Is 5876784154 prime?
False
Is 1317400915 composite?
True
Is 3314566819 prime?
False
Is 50053082567 prime?
True
Is 62013631 a prime number?
True
Is 1992189043 a prime number?
False
Is 14591275471 prime?
False
Is 25394220749 a composite number?
True
Is 96971618 prime?
False
Is 167984426681 composite?
True
Is 396243151 a prime number?
False
Is 1370857787 composite?
True
Is 263707217 prime?
True
Is 10007055827 prime?
False
Is 5026377653 a prime number?
False
Is 11970740461 prime?
True
Is 286368673 a prime number?
False
Is 14946305489 a composite number?
False
Is 345610679 a composite number?
False
Is 20076007 composite?
True
Is 27622643519 composite?
False
Is 89031485 a composite number?
True
Is 32481290251 prime?
True
Is 55293357445 prime?
False
Is 33759485049 composite?
True
Is 1996702559 a prime number?
True
Is 1727073563 prime?
True
Is 2602193689 composite?
True
Is 47603979917 a composite number?
True
Is 9111377189 a composite number?
False
Is 412876531 a composite number?
False
Is 4331797609 prime?
True
Is 2195402723 a prime number?
False
Is 1201153831 a composite number?
False
Is 1844695807 prime?
False
Is 63904160987 composite?
False
Is 661176907 a composite number?
False
Is 5056613941 composite?
False
Is 439838197 prime?
True
Is 44206747177 prime?
False
Is 767818229 a composite number?
False
Is 23873045117 a prime number?
True
Is 20866547827 composite?
True
Is 121256157221 prime?
True
Is 82691497 prime?
False
Is 392220349 composite?
True
Is 85662819091 prime?
False
Is 872258437 a prime number?
False
Is 1662898973 prime?
True
Is 729595469 prime?
True
Is 7318043539 composite?
False
Is 402191833 composite?
True
Is 4251497363 prime?
True
Is 8200088665 composite?
True
Is 239732491 prime?
True
Is 412281481 a composite number?
False
Is 57243719417 a composite number?
False
Is 2895738407 composite?
False
Is 27544305769 prime?
False
Is 577850171 prime?
True
Is 1572826799 a prime number?
False
Is 2148365081 prime?
True
Is 9227848957 a prime number?
False
Is 37290749341 a composite number?
True
Is 72962731 a prime number?
False
Is 31095539467 a composite number?
True
Is 5812410629 composite?
True
Is 1308876131 a composite number?
False
Is 103935614921 a prime number?
True
Is 25354906807 composite?
False
Is 12273900383 prime?
False
Is 927779093 a composite number?
True
Is 2120266249 composite?
True
Is 5893236947 prime?
False
Is 4545158461 a composite number?
True
Is 700838191 prime?
True
Is 54644206651 composite?
True
Is 158210099338 prime?
False
Is 626552737 prime?
True
Is 34264514939 a prime number?
True
Is 14698640041 prime?
True
Is 1658746309 prime?
False
Is 47068577 a prime number?
False
Is 9316084307 a composite number?
False
Is 72429539947 a prime number?
False
Is 13025531977 composite?
True
Is 220516977 a composite number?
True
Is 83767129 a prime number?
False
Is 221167157 a composite number?
False
Is 142591967593 composite?
True
Is 7494881393 a composite number?
False
Is 10847163997 a prime number?
False
Is 1056182107 a composite number?
False
Is 26560691743 composite?
True
Is 66251445347 a composite number?
False
Is 12905356597 prime?
False
Is 4007852591 a prime number?
True
Is 12201764441 prime?
True
Is 660932677 a composite number?
True
Is 9828251 a composite number?
True
Is 37140951443 prime?
False
Is 2557309519 prime?
False
Is 27678264035 composite?
True
Is 76517358935 prime?
False
Is 328443127 a prime number?
True
Is 1797529673 composite?
False
Is 10883613737 a prime number?
True
Is 37626568429 a composite number?
False
Is 25823914213 a composite number?
False
Is 268454659 prime?
False
Is 26691851833 composite?
True
Is 512880959 a composite number?
False
Is 1119331615 prime?
False
Is 17769863689 composite?
False
Is 8519263973 a composite number?
True
Is 9503332507 prime?
False
Is 198705499 prime?
False
Is 6810028077 a prime number?
False
Is 747609593 composite?
False
Is 23731414774 composite?
True
Is 442862593 a prime number?
False
Is 2969546039 composite?
False
Is 822477067 prime?
False
Is 17352565903 prime?
True
Is 26474039 prime?
False
Is 814099147 a prime number?
False
Is 11000569677 composite?
True
Is 23111478947 composite?
False
Is 8812056073 a composite number?
True
Is 7684505798 composite?
True
Is 3717546113 composite?
True
Is 4607786789 a composite number?
False
Is 2151214501 composite?
True
Is 1174734809 composite?
False
Is 3549207421 a composite number?
False
Is 257158073 a composite number?
True
Is 2621999111 a composite number?
True
Is 60995771 a prime number?
True
Is 39587473979 prime?
False
Is 849968927 a prime number?
False
Is 24429983 a composite number?
True
Is 1276384621 composite?
False
Is 2667605587 composite?
False
Is 21269171069 a composite number?
False
Is 4134811601 prime?
True
Is 47340697 a prime number?
False
Is 74040888337 a prime number?
False
Is 2430439087 a composite number?
False
Is 255978937 a composite number?
True
Is 200704537895 prime?
False
Is 10029211 composite?
True
Is 605779697 a prime number?
False
Is 472806416839 composite?
True
Is 116922842279 a prime number?
False
Is 87027176731 composite?
True
Is 17364392935 prime?
False
Is 159750839 composite?
False
Is 11508507653 a composite number?
False
Is 3824288287 a composite number?
False
Is 6664448333 composite?
False
Is 144824843 a composite number?
True
Is 600549253 a prime number?
True
Is 15447145757 a composite number?
True
Is 4100514931 composite?
True
Is 2947361839 prime?
False
Is 66728993 composite?
False
Is 1068967511 composite?
False
Is 41515357445 a composite number?
True
Is 13960642307 prime?
True
Is 7805308067 composite?
True
Is 915062761 a prime number?
False
Is 4857683109 a composite number?
True
Is 5026960823 a composite number?
False
Is 1807617811 a prime number?
False
Is 22328886767 a composite number?
True
Is 21432647 a prime number?
False
Is 578040131 prime?
True
Is 2032356149 a prime number?
True
Is 8800895035 composite?
True
Is 440478827 prime?
True
Is 24792108833 a prime number?
True
Is 16843170623 a prime number?
False
Is 4122236914 prime?
False
Is 650483357 prime?
True
Is 983298011 a composite number?
False
Is 1527802303 a composite number?
True
Is 36166827079 a prime number?
False
Is 825508757 a composite number?
False
Is 2860511167 a composite number?
False
Is 1432485449 a prime number?
False
Is 15903476887 composite?
False
Is 247564033 prime?
True
Is 15905098247 a prime number?
False
Is 5249746479 prime?
False
Is 7670911007 a prime number?
True
Is 3573045291 composite?
True
Is 134084791 a prime number?
False
Is 13414957211 prime?
False
Is 1725099827 prime?
False
Is 738605983 composite?
False
Is 60000651707 a composite number?
True
Is 1033180943 a composite number?
False
Is 2747432377 a composite number?
False
Is 24124275757 prime?
False
Is 247509013 a composite number?
False
Is 2156451907 a composite number?
False
Is 336984596479 prime?
True
Is 11505998173 prime?
True
Is 320565157 prime?
False
Is 1157285937 a composite number?
True
Is 5323515287 prime?
True
Is 5075595605 composite?
True
Is 15210234119 composite?
False
Is 3050640319 prime?
True
Is 6648350567 composite?
False
Is 11575728599 prime?
True
Is 13527329441 a prime number?
True
Is 2911403591 composite?
True
Is 1014685949 a prime number?
False
Is 14666285369 a prime number?
True
Is 2434861217 prime?
False
Is 9254676797 a composite number?
False
Is 18621246041 a composite number?
True
Is 159645067 a prime number?
False
Is 32493563 a prime number?
False
Is 20989899103 prime?
True
Is 1109473597 a prime number?
False
Is 1046459291 prime?
True
Is 13157159 composite?
False
Is 13921412137 prime?
True
Is 44862855655 composite?
True
Is 2071852921 p